{"id":13,"date":"2026-03-05T21:32:20","date_gmt":"2026-03-05T20:32:20","guid":{"rendered":"https:\/\/medicus-egeria.cz\/?page_id=13"},"modified":"2026-04-10T13:42:30","modified_gmt":"2026-04-10T11:42:30","slug":"ordinacni-hodiny","status":"publish","type":"page","link":"https:\/\/medicus-egeria.cz\/?page_id=13","title":{"rendered":"Ordina\u010dn\u00ed hodiny"},"content":{"rendered":"<p><strong>POND\u011aL\u00cd<\/strong><br \/>\n\u20227:30 \u2013 8:30 (pouze objednan\u00ed)<br \/>\n\u2022 8:30 \u2013 12:00<\/p>\n<p><strong>\u00daTER\u00dd<\/strong><br \/>\n\u2022 8:30 \u2013 12:00<br \/>\n\u2022 12:00 \u2013 13:00 (pouze objednan\u00ed)<br \/>\n\u2022 15:00 \u2013 18:00 (pouze pro pracuj\u00edc\u00ed a studuj\u00edc\u00ed pacienty)<\/p>\n<p><strong>ST\u0158EDA<\/strong><br \/>\n\u2022 7:30 \u2013 8:30 (pouze objednan\u00ed)<br \/>\n\u2022 8:30 \u2013 12:00<\/p>\n<p><strong>\u010cTVRTEK<\/strong><br \/>\n\u2022 7:30 \u2013 8:30 (pouze objednan\u00ed)<br \/>\n\u2022 8:30 \u2013 11:30<\/p>\n<p><strong>P\u00c1TEK<\/strong><br \/>\n\u2022 7:30 \u2013 8:30 (pouze objednan\u00ed)<br \/>\n\u2022 8:30 \u2013 12:00<\/p>\n<p>Email: medicus.egeria@seznam.cz<\/p>\n<p>Odpoledn\u00ed ordinace je ur\u010dena pouze pro pracuj\u00edc\u00ed a studuj\u00edc\u00ed pacienty, aby m\u011bli mo\u017enost nav\u0161t\u00edvit l\u00e9ka\u0159e i mimo b\u011b\u017enou pracovn\u00ed \u010di studijn\u00ed dobu.<\/p>\n<p><img loading=\"lazy\" decoding=\"async\" class=\"alignnone size-medium wp-image-231\" src=\"https:\/\/medicus-egeria.cz\/wp-content\/uploads\/2026\/04\/CDC1BF0A-4C7C-4B13-8D43-71E0D85CB13A-220x300.jpeg\" alt=\"Ordina\u010dn\u00ed hodiny\" width=\"220\" height=\"300\" srcset=\"https:\/\/medicus-egeria.cz\/wp-content\/uploads\/2026\/04\/CDC1BF0A-4C7C-4B13-8D43-71E0D85CB13A-220x300.jpeg 220w, https:\/\/medicus-egeria.cz\/wp-content\/uploads\/2026\/04\/CDC1BF0A-4C7C-4B13-8D43-71E0D85CB13A-751x1024.jpeg 751w, https:\/\/medicus-egeria.cz\/wp-content\/uploads\/2026\/04\/CDC1BF0A-4C7C-4B13-8D43-71E0D85CB13A-768x1047.jpeg 768w, https:\/\/medicus-egeria.cz\/wp-content\/uploads\/2026\/04\/CDC1BF0A-4C7C-4B13-8D43-71E0D85CB13A.jpeg 927w\" sizes=\"auto, (max-width: 220px) 100vw, 220px\" \/><\/p>\n<p>Mimo ordina\u010dn\u00ed hodiny jsou pro akutn\u00ed a neodkladn\u00e9 p\u0159\u00edpady k dispozici slu\u017eby l\u00e9ka\u0159sk\u00e9 pohotovosti v Nemocnici Cheb, kter\u00e1 zaji\u0161\u0165uje o\u0161et\u0159en\u00ed ve v\u0161edn\u00ed dny od 16:00 do 21:00 a o v\u00edkendech a sv\u00e1tc\u00edch od 9:00 do 19:00 (kontakt do nemocnice: 354 226 259).<\/p>\n","protected":false},"excerpt":{"rendered":"<p>POND\u011aL\u00cd \u20227:30 \u2013 8:30 (pouze objednan\u00ed) \u2022 8:30 \u2013 12:00 \u00daTER\u00dd \u2022 8:30 \u2013 12:00 \u2022 12:00 \u2013 13:00 (pouze objednan\u00ed) \u2022 15:00 \u2013 18:00 (pouze pro pracuj\u00edc\u00ed a studuj\u00edc\u00ed pacienty) ST\u0158EDA \u2022 7:30 \u2013 8:30 (pouze objednan\u00ed) \u2022 8:30 \u2013 12:00 \u010cTVRTEK \u2022 7:30 \u2013 8:30 (pouze objednan\u00ed) \u2022 8:30 \u2013 11:30 P\u00c1TEK \u2022 [&hellip;]<\/p>\n","protected":false},"author":1,"featured_media":0,"parent":0,"menu_order":0,"comment_status":"closed","ping_status":"closed","template":"","meta":{"footnotes":""},"class_list":["post-13","page","type-page","status-publish","hentry"],"_links":{"self":[{"href":"https:\/\/medicus-egeria.cz\/index.php?rest_route=\/wp\/v2\/pages\/13","targetHints":{"allow":["GET"]}}],"collection":[{"href":"https:\/\/medicus-egeria.cz\/index.php?rest_route=\/wp\/v2\/pages"}],"about":[{"href":"https:\/\/medicus-egeria.cz\/index.php?rest_route=\/wp\/v2\/types\/page"}],"author":[{"embeddable":true,"href":"https:\/\/medicus-egeria.cz\/index.php?rest_route=\/wp\/v2\/users\/1"}],"replies":[{"embeddable":true,"href":"https:\/\/medicus-egeria.cz\/index.php?rest_route=%2Fwp%2Fv2%2Fcomments&post=13"}],"version-history":[{"count":33,"href":"https:\/\/medicus-egeria.cz\/index.php?rest_route=\/wp\/v2\/pages\/13\/revisions"}],"predecessor-version":[{"id":282,"href":"https:\/\/medicus-egeria.cz\/index.php?rest_route=\/wp\/v2\/pages\/13\/revisions\/282"}],"wp:attachment":[{"href":"https:\/\/medicus-egeria.cz\/index.php?rest_route=%2Fwp%2Fv2%2Fmedia&parent=13"}],"curies":[{"name":"wp","href":"https:\/\/api.w.org\/{rel}","templated":true}]}}